ase 5
-3
Convert -4 (base 11) to base 12.
-4
-2 (base 5) to base 6
-2
Convert -195 (base 15) to base 3.
-111112
What is -110 (base 2) in base 7?
-6
-21 (base 12) to base 6
-41
-3 (base 14) to base 6
-3
What is 25 (base 16) in base 3?
1101
114 (base 7) to base 10
60
Convert 4 (base 12) to base 6.
4
What is 13 (base 15) in base 6?
30
21 (base 7) to base 4
33
0 (base 11) to base 4
0
What is 53 (base 10) in base 4?
311
What is 5 (base 16) in base 9?
5
-120 (base 6) to base 8
-60
What is -16 (base 11) in base 7?
-23
What is -10 (base 3) in base 2?
-11
Convert -29 (base 11) to base 15.
-21
Convert -17 (base 8) to base 13.
-12
What is 0 (base 10) in base 9?
0
What is -a (base 13) in base 8?
-12
Convert -112 (base 3) to base 15.
-e
Convert 20 (base 16) to base 12.
28
-b3 (base 14) to base 7
-313
What is 67 (base 9) in base 5?
221
What is 3 (base 4) in base 16?
3
5 (base 8) to base 6
5
Convert 30 (base 14) to base 16.
2a
What is -11 (base 15) in base 6?
-24
What is 44 (base 8) in base 3?
1100
What is -3 (base 8) in base 15?
-3
What is -b (base 13) in base 6?
-15
-110 (base 3) to base 6
-20
Convert 14 (base 10) to base 14.
10
-202 (base 6) to base 5
-244
-1 (base 11) to base 12
-1
-3 (base 8) to base 11
-3
Convert -73 (base 8) to base 5.
-214
Convert 5 (base 9) to base 2.
101
What is -3 (base 9) in base 15?
-3
What is -40 (base 5) in base 15?
-15
Convert a (base 11) to base 12.
a
2 (base 13) to base 9
2
What is -1 (base 10) in base 8?
-1
Convert -62 (base 12) to base 9.
-82
What is 10 (base 4) in base 11?
4
Convert -1 (base 13) to base 8.
-1
Convert 110 (base 3) to base 2.
1100
Convert -4 (base 12) to base 7.
-4
What is 1 (base 4) in base 13?
1
-55 (base 14) to base 13
-5a
-4 (base 11) to base 2
-100
Convert 5c (base 13) to base 14.
57
What is 3 (base 7) in base 15?
3
Convert -4 (base 11) to base 12.
-4
Convert -2 (base 16) to base 5.
-2
What is -1110 (base 2) in base 8?
-16
Convert 25 (base 8) to base 13.
18
274 (base 9) to base 5
1404
2 (base 14) to base 9
2
What is 64 (base 7) in base 2?
101110
Convert -b (base 16) to base 9.
-12
What is 10 (base 7) in base 16?
7
2 (base 16) to base 7
2
50 (base 8) to base 10
40
What is -24 (base 6) in base 5?
-31
Convert -1 (base 14) to base 11.
-1
-30 (base 16) to base 4
-300
2003 (base 4) to base 15
8b
-11 (base 3) to base 12
-4
-36 (base 10) to base 16
-24
Convert 100101101 (base 2) to base 3.
102011
What is -a (base 11) in base 9?
-11
What is 15 (base 11) in base 12?
14
Convert 402 (base 5) to base 13.
7b
-2 (base 14) to base 15
-2
Convert 24 (base 16) to base 5.
121
Convert -f (base 16) to base 2.
-1111
What is -11 (base 2) in base 9?
-3
Convert 0 (base 9) to base 8.
0
Convert 39 (base 11) to base 5.
132
2 (base 14) to base 15
2
Convert 2 (base 13) to base 6.
2
Convert 12 (base 9) to base 5.
21
1 (base 2) to base 6
1
6a (base 13) to base 10
88
e8 (base 15) to base 14
118
What is 10111 (base 2) in base 11?
21
Convert -7 (base 12) to base 5.
-12
Convert 150 (base 14) to base 15.
12b
Convert 4 (base 9) to base 14.
4
-c (base 14) to base 9
-13
b7 (base 12) to base 11
117
What is 16 (base 8) in base 10?
14
Convert -16 (base 7) to base 11.
-12
What is 34 (base 6) in base 4?
112
4 (base 16) to base 15
4
What is 253 (base 6) in base 13?
81
What is 4 (base 12) in base 6?
4
Convert 59 (base 14) to base 16.
4f
Convert 2b (base 15) to base 8.
51
Convert -1b (base 12) to base 9.
-25
12 (base 5) to base 12
7
Convert 5d (base 15) to base 4.
1120
40 (base 13) to base 12
44
Convert 1 (base 10) to base 13.
1
Convert 2 (base 5) to base 7.
2
What is 4 (base 13) in base 10?
4
Convert -1 (base 8) to base 12.
-1
-2 (base 15) to base 5
-2
What is 14 (base 11) in base 16?
f
-232 (base 7) to base 11
-100
94 (base 14) to base 13
a0
What is 27 (base 14) in base 9?
38
Convert -40 (base 5) to base 15.
-15
What is 34 (base 12) in base 7?
55
What is 55 (base 10) in base 11?
50
Convert -234 (base 11) to base 13.
-186
What is 16 (base 14) in base 16?
14
What is 5 (base 7) in base 12?
5
6 (base 15) to base 14
6
What is 31 (base 10) in base 7?
43
What is -c2 (base 14) in base 10?
-170
Convert -14 (base 5) to base 8.
-11
Convert -54 (base 10) to base 9.
-60
Convert -7 (base 12) to base 10.
-7
Convert 301 (base 6) to base 2.
1101101
Convert 10 (base 2) to base 11.
2
Convert 2 (base 6) to base 13.
2
-5 (base 13) to base 5
-10
What is 3 (base 7) in base 16?
3
Convert -3 (base 6) to base 13.
-3
Convert 11010 (base 3) to base 6.
303
What is 12 (base 11) in base 6?
21
3 (base 10) to base 8
3
What is -2 (base 10) in base 12?
-2
What is 200 (base 3) in base 16?
12
-46 (base 9) to base 3
-1120
-da (base 15) to base 3
-21121
8b (base 16) to base 8
213
-1 (base 12) to base 3
-1
Convert -18 (base 16) to base 8.
-30
-5 (base 9) to base 4
-11
-20 (base 7) to base 16
-e
Convert 8 (base 10) to base 11.
8
Convert 0 (base 12) to base 2.
0
What is -5 (base 13) in base 7?
-5
e (base 15) to base 10
14
Convert -1310 (base 4) to base 12.
-98
What is 202 (base 3) in base 8?
24
What is -112 (base 15) in base 2?
-11110010
What is 12 (base 15) in base 14?
13
0 (base 8) to base 7
0
6 (base 7) to base 12
6
What is 10011 (base 2) in base 5?
34
Convert -5 (base 8) to base 6.
-5
What is -49 (base 16) in base 13?
-58
Convert -1101 (base 2) to base 8.
-15
What is 143 (base 12) in base 11?
168
What is -9 (base 11) in base 9?
-10
What is -12 (base 7) in base 4?
-21
-b (base 15) to base 13
-b
2e (base 15) to base 7
62
108 (base 11) to base 10
129
21 (base 8) to base 4
101
14 (base 15) to base 9
21
111212 (base 3) to base 10
374
39 (base 11) to base 5
132
28 (base 16) to base 12
34
10 (base 16) to base 8
20
-1 (base 7) to base 16
-1
Convert 1 (base 10) to base 3.
1
What is -1 (base 15) in base 6?
-1
Convert 20 (base 16) to base 9.
35
15 (base 12) to base 8
21
Convert -20 (base 3) to base 5.
-11
What is 18 (base 9) in base 14?
13
-3 (base 4) to base 16
-3
-153 (base 6) to base 12
-59
Convert 0 (base 8) to base 5.
0
Convert 0 (base 12) to base 16.
0
Convert 9 (base 11) to base 10.
9
What is d (base 14) in base 10?
13
What is 4 (base 8) in base 5?
4
What is 4c (base 16) in base 4?
1030
What is -6 (base 14) in base 8?
-6
Convert -4 (base 12) to base 7.
-4
What is 2 (base 10) in base 3?
2
Convert 40 (base 10) to base 11.
37
What is -7 (base 10) in base 6?
-11
Convert -2 (base 10) to base 5.
-2
101 (base 3) to base 13
a
What is 2 (base 5) in base 9?
2
Convert -1 (base 6) to base 12.
-1
20 (base 6) to base 3
110
Convert 1221 (base 3) to base 10.
52
What is -45 (base 10) in base 4?
-231
5 (base 7) to base 16
5
What is -175 (base 12) in base 4?
-3221
What is -8 (base 14) in base 8?
-10
Convert -118 (base 11) to base 5.
-1030
What is 85 (base 10) in base 4?
1111
What is -10 (base 9) in base 8?
-11
What is -2 (base 8) in base 7?
-2
What is 2 (base 13) in base 15?
2
What is 221 (base 5) in base 3?
2021
-1 (base 15) to base 11
-1
-2302 (base 4) to base 16
-b2
Convert -143 (base 5) to base 9.
-53
What is -13 (base 15) in base 5?
-33
What is 24 (base 10) in base 7?
33
101 (base 5) to base 6
42
What is -3a (base 12) in base 9?
-51
3 (base 7) to base 8
3
What is 0 (base 4) in base 12?
0
What is -31 (base 7) in base 3?
-211
What is 0 (base 4) in base 13?
0
1 (base 5) to base 13
1
-10 (base 3) to base 2
-11
What is 0 (base 5) in base 10?
0
What is -3 (base 5) in base 16?
-3
What is -36 (base 7) in base 16?
-1b
What is -11 (base 2) in base 13?
-3
What is 147 (base 14) in base 15?
124
-110 (base 11) to base 15
-8c
What is 11 (base 3) in base 2?
100
1202 (base 5) to base 15
bc
1 (base 13) to base 3
1
-3 (base 8) to base 3
-10
What is -24 (base 5) in base 11?
-13
What is -100 (base 3) in base 16?
-9
-1011 (base 3) to base 2
-11111
Convert 101101 (base 2) to base 12.
39
40 (base 11) to base 15
2e
-11 (base 6) to base 5
-12
What is 3 (base 12) in base 14?
3
-202 (base 6) to base 12
-62
Convert 26 (base 7) to base 2.
10100
Convert -44 (base 15) to base 3.
-2101
What is -21 (base 4) in base 15?
-9
What is 9 (base 16) in base 14?
9
Convert 10 (base 7) to base 14.
7
Convert 2223 (base 4) to base 15.
b6
What is 1150 (base 6) in base 15?
13c
What is -410 (base 8) in base 5?
-2024
111 (base 2) to base 5
12
Convert -2 (base 14) to base 3.
-2
Convert -124 (base 7) to base 16.
-43
What is -6a (base 11) in base 13?